divide 894?
False
Is 5546 a multiple of 94?
True
Is 120 a multiple of 24?
True
Is 3672 a multiple of 72?
True
Is 4869 a multiple of 83?
False
Is 75 a factor of 39143?
False
Is 76 a factor of 2508?
True
Is 55 a factor of 165?
True
Does 125 divide 785?
False
Does 20 divide 120?
True
Does 39 divide 48243?
True
Is 1377 a multiple of 17?
True
Does 62 divide 12772?
True
Is 36 a factor of 896?
False
Does 93 divide 33852?
True
Is 6 a factor of 744?
True
Is 10245 a multiple of 15?
True
Does 24 divide 37142?
False
Does 17 divide 2193?
True
Does 23 divide 1633?
True
Is 6 a factor of 660?
True
Does 84 divide 758?
False
Does 21 divide 81?
False
Does 3 divide 624?
True
Does 58 divide 232?
True
Is 13177 a multiple of 10?
False
Does 138 divide 690?
True
Is 16333 a multiple of 122?
False
Is 116 a factor of 2081?
False
Is 94 a factor of 11825?
False
Does 23 divide 53329?
False
Does 33 divide 11343?
False
Does 5 divide 2460?
True
Does 13 divide 403?
True
Does 24 divide 744?
True
Does 10 divide 1590?
True
Is 1420 a multiple of 11?
False
Does 13 divide 1060?
False
Is 3737 a multiple of 101?
True
Does 6 divide 377?
False
Is 70 a factor of 840?
True
Does 118 divide 4838?
True
Is 26 a factor of 2327?
False
Is 9944 a multiple of 113?
True
Is 27499 a multiple of 6?
False
Is 21412 a multiple of 18?
False
Is 22 a factor of 330?
True
Is 180 a multiple of 30?
True
Is 17358 a multiple of 22?
True
Does 19 divide 437?
True
Does 4 divide 27?
False
Is 47 a factor of 10434?
True
Is 11 a factor of 19965?
True
Is 9 a factor of 2502?
True
Does 149 divide 2086?
True
Does 89 divide 11055?
False
Is 37 a factor of 2940?
False
Does 20 divide 8245?
False
Is 68 a factor of 17213?
False
Is 14718 a multiple of 6?
True
Does 9 divide 603?
True
Is 60 a factor of 1500?
True
Is 4945 a multiple of 21?
False
Does 34 divide 29506?
False
Is 3809 a multiple of 22?
False
Is 33 a factor of 726?
True
Does 16 divide 2464?
True
Is 21 a factor of 567?
True
Is 3416 a multiple of 8?
True
Is 63 a factor of 2154?
False
Does 37 divide 2031?
False
Is 5175 a multiple of 69?
True
Is 3093 a multiple of 14?
False
Is 288 a multiple of 32?
True
Does 13 divide 5798?
True
Does 78 divide 546?
True
Is 27 a factor of 2530?
False
Is 127 a factor of 127?
True
Is 78640 a multiple of 16?
True
Does 90 divide 6120?
True
Is 689 a multiple of 39?
False
Does 15 divide 118?
False
Does 28 divide 8876?
True
Does 8 divide 19633?
False
Is 5 a factor of 40?
True
Does 15 divide 348?
False
Is 41513 a multiple of 73?
False
Is 3535 a multiple of 15?
False
Is 214 a factor of 1284?
True
Is 145 a factor of 2465?
True
Is 9451 a multiple of 13?
True
Is 661 even?
False
Does 95 divide 15620?
False
Is 15 a factor of 111908?
False
Is 2998 a multiple of 96?
False
Is 6320 a multiple of 98?
False
Is 15 a factor of 390?
True
Does 23 divide 1932?
True
Is 473 a multiple of 52?
False
Is 8 a factor of 608?
True
Does 11 divide 1903?
True
Is 31454 a multiple of 12?
False
Does 27 divide 86371?
False
Is 1728 a multiple of 15?
False
Is 128 a factor of 2174?
False
Is 1387 a multiple of 52?
False
Does 9 divide 14802?
False
Does 4 divide 10441?
False
Does 11 divide 154?
True
Does 2 divide 1685?
False
Is 204 even?
True
Is 9 a factor of 126?
True
Is 15 a factor of 1110?
True
Is 232 a multiple of 8?
True
Does 11 divide 3562?
False
Is 7 a factor of 13147?
False
Does 2 divide 606?
True
Does 27 divide 17712?
True
Is 46905 a multiple of 177?
True
Is 80417 a multiple of 132?
False
Is 292 a multiple of 9?
False
Is 3 a factor of 169?
False
Is 13 a factor of 69363?
False
Is 11538 a multiple of 12?
False
Is 16 a factor of 3936?
True
Is 53232 a multiple of 48?
True
Does 35 divide 795?
False
Is 33 a factor of 660?
True
Is 99780 a multiple of 10?
True
Is 49 a factor of 2205?
True
Does 97 divide 36375?
True
Is 36 a factor of 6948?
True
Is 1525 a multiple of 25?
True
Is 59 a factor of 830?
False
Is 75 a factor of 3214?
False
Does 14 divide 25606?
True
Is 1704 a multiple of 8?
True
Does 10 divide 2620?
True
Does 32 divide 4000?
True
Is 10 a factor of 129?
False
Is 18 a factor of 1955?
False
Does 9 divide 1434?
False
Is 1971 a multiple of 11?
False
Does 17 divide 2369?
False
Does 139 divide 7835?
False
Is 132 a factor of 3036?
True
Does 236 divide 25960?
True
Is 4511 a multiple of 18?
False
Does 13 divide 21?
False
Is 510 a multiple of 15?
True
Does 27 divide 847?
False
Is 1798 a multiple of 56?
False
Is 14 a factor of 196?
True
Does 138 divide 11293?
False
Is 109 a multiple of 49?
False
Is 71 a factor of 42285?
False
Is 28 a factor of 4648?
True
Does 39 divide 9672?
True
Is 675 a multiple of 15?
True
Is 62 a factor of 2418?
True
Is 23248 a multiple of 27?
False
Is 2949 a multiple of 45?
False
Is 14144 a multiple of 12?
False
Is 45 a factor of 6795?
True
Does 8 divide 18450?
False
Is 19 a factor of 907?
False
Does 239 divide 10994?
True
Is 2689 a multiple of 130?
False
Does 146 divide 75920?
True
Is 57 a factor of 18829?
False
Does 39 divide 18993?
True
Is 16097 a multiple of 22?
False
Does 120 divide 13560?
True
Is 13 a factor of 8345?
False
Is 10 a factor of 1330?
True
Does 325 divide 36530?
False
Does 11 divide 845?
False
Is 2371 a multiple of 14?
False
Is 6397 a multiple of 49?
False
Does 18 divide 7649?
False
Is 70014 a multiple of 42?
True
Is 396 a multiple of 33?
True
Is 20 a factor of 1300?
True
Does 8 divide 104?
True
Is 37 a factor of 15466?
True
Is 737 a multiple of 9?
False
Does 15 divide 435?
True
Does 32 divide 83232?
True
Is 15132 a multiple of 25?
False
Does 76 divide 5320?
True
Does 15 divide 1290?
True
Does 17 divide 901?
True
Is 25 a factor of 1770?
False
Does 2 divide 116?
True
Is 1848 a multiple of 45?
False
Is 55 a factor of 1293?
False
Is 573 a multiple of 3?
True
Is 76850 a multiple of 12?
False
Is 398 a multiple of 10?
False
Does 20 divide 7218?
False
Does 4 divide 116?
True
Is 775 a multiple of 25?
True
Does 47 divide 558?
False
Does 37 divide 3495?
False
Is 1148 a multiple of 82?
True
Is 440 a multiple of 40?
True
Does 7 divide 126?
True
Is 28469 a multiple of 15?
False
Is 15 a factor of 345?
True
Is 941 a multiple of 12?
False
Does 15 divide 675?
True
Is 42 a factor of 1680?
True
Is 20 a factor of 1060?
True
Does 14 divide 8104?
False
Is 10166 a multiple of 17?
True
Is 226 a factor of 36818?
False
Is 11 a factor of 8134?
False
Does 125 divide 9172?
False
Is 31 a factor of 7657?
True
Is 11 a factor of 8822?
True
Does 16 divide 4359?
False
Is 2752 a multiple of 64?
True
Does 76 divide 1887?
False
Does 17 divide 9197?
True
Is 13 a factor of 5147?
False
Is 26412 a multiple of 71?
True
Is 204 a multiple of 12?
True
Is 28 a multiple of 14?
True
Is 22 a factor of 144968?
False
Does 95 divide 1425?
True
Does 20 divide 1920?
True
Does 12 divide 3792?
True
Does 8 divide 361?
False
Is 61 a factor of 34038?
True
Does 6 divide 41280?
True
Is 84 a multiple of 8?
False
Is 11 a factor of 16104?
True
Is 24 a factor of 6199?
False
Is 273 a multiple of 3?
True
Is 89 a factor of 5445?
False
Is 6216 a multiple of 28?
True
Does 15 divide 264?
False
Does 127 divide 11935?
False
Does 3 divide 21?
True
Does 10 divide 17360?
True
Is 54 a factor of 334?
False
Does 41 divide 7790?
True
Is 26 a factor of 22022?
True
Is 36 a factor of 1545?
False
Does 24 divide 3408?
True
Does 44 divide 2232?
False
Does 256 divide 22272?
True
Is 3 a factor of 2931?
True
Is 1792 a multiple of 112?
True
Does 28 divide 190?
False
Is 47 a factor of 14061?
False
Is 2 a factor of 1616?
True
Is 17 a factor of 3961?
True
Does 49 divide 103341?
True
Does 10 divide 19080?
True
Is 3 a factor of 384?
True
Is 15 a factor of 31338?
False
Does 53 divide 6647?
False
Is 80 a factor of 22747?
False
Is 18 a factor of 1277?
False
Does 27 divide 351?
True
Is 14874 a multiple of 14?
False
Is 30 a factor of 11850?
True
Does 35 divide 457?
False
Is 165 a multiple of 6?
False
Does 55 divide 44361?
False
Is 75 a factor of 13077?
False
Is 1104 a multiple of 16?
True
Is 1602 a multiple of 107?
False
Does 131 divide 8390?
False
Does 35 divide 455?
True
Is 9 a factor of 4203?
True
Is 59 a factor of 6313?
True
Is 788 a multiple of 38?
False
Is 12 a factor of 3511?
False
Is 120 a multiple of 15?
True
Is 9 a factor of 909?
True
Is 24475 a multiple of 40?
False
Is 81 a factor of 19818?
False
Is 86 a multiple of 4?
False
Is 2165 a m